{"id":1870,"date":"2017-01-25T10:20:53","date_gmt":"2017-01-25T09:20:53","guid":{"rendered":"https:\/\/wtplfrindexphpfr.wordpress.com\/?page_id=1870"},"modified":"2017-02-09T12:40:16","modified_gmt":"2017-02-09T11:40:16","slug":"irika-bochenko","status":"publish","type":"page","link":"https:\/\/wtpl.fr\/index.php\/irika-bochenko\/","title":{"rendered":"Irka Bochenko"},"content":{"rendered":"<p><strong><span style=\"color: #2a881b;\">Bio :<\/span><\/strong><\/p>\n<p>Irka is born in Wroclaw, in the south of Poland. When she is 6 years old her parents pass on the West and become established in France. Long before his visit, at the age of three years, Irka already sings all counting rhymes which teaches him his father. During years, music will be the companion of all its trips, Slavonic traditional ballades that croon him his mother and the energy of rock, the blues, the soul, that her brothers make him discover. Mixture being out of place which will reinforce its love for this art. In 14 years, while other girls of his age know agonies of adolescence, Irka crosses the most part in his\/her time to throw the first texts on blank sheets, to compose the first melodies, the first songs.<\/p>\n<p>Provided from the cradle with a passport for arts, fashion, comedy, music, Irka is first Top Model in different renowned agencies in Paris, New York, Tokyo Elle lugs around &lsquo; its little face &lsquo; all over the world for magazines such as &lsquo; Sails, Cosmopolitan, Elle&#8230; &lsquo;<\/p>\n<p>In Japan, it represents France for miss&rsquo;s title Youth International.<\/p>\n<p>Actress, her does lessons Florent and becomes the small fianc\u00e9e of James Bond 007. It also turns in\u00a0<strong>Bilitis<\/strong>, The inspector leads the investigation. Later, it puts in chains television with series: L&rsquo;\u00e9t\u00e9 Rouge, La Crime, Les Cordiers&#8230; Julie Lescaut where she interprets her own song, Profilage.<\/p>\n<p>Author, compositor, Irka (under the pseudonym of Iren Bo) cheek at the same time with words that she puts in music for artists as Garou, Tina Arena, Patrick Fiori, Mimie Mathy, L5, Julie Z\u00e9natti, Jonatan Cerrada, Mireille Mathieu, Fiona G\u00e9lin, S\u00e9verine Ferrer, Pierre Santini, Michelle Torr, miss Dominique&#8230;<\/p>\n<p>Fascinated by music in picture, she writes and composes generic one television for France 2 \u00ab Lola qui es tu Lola \u00bb.<\/p>\n<p>Interpret, enthralled by a love madness which has never left it, Iren took out in 2010 an album the first extract of which is called \u00ab You short a man my son \u00bb.<\/p>\n<p>After this real success, it goes on on its throwing and composes for the 50th birthday of Mr Bond the song \u00ab\u00a0Happy Birthday Mr Bond\u00a0\u00bb which she interprets with himself Mr\u00a0<span style=\"color: #2a881b;\"><strong>Roger Moore<\/strong>.<\/span><\/p>\n<p>A new album in French English as well as in its native language is under way. Album full of nice surprises which will go out at the beginning of 2013.<\/p>\n<p><strong><span style=\"color: #2a881b;\">Discography :<\/span><\/strong><\/p>\n<p>2012 :\u00a0Happy Birthday Mr Bond &#8211; Mini EP, 3 titles<\/p>\n<p><strong><span style=\"color: #2a881b;\">Video :<\/span><\/strong><\/p>\n<p><iframe loading=\"lazy\" title=\"Happy Birthday Mr Bond\" width=\"1170\" height=\"878\" src=\"https:\/\/www.youtube.com\/embed\/mNB8vdG74KY?feature=oembed\" frameborder=\"0\" allow=\"accelerometer; autoplay; encrypted-media; gyroscope; picture-in-picture\" allowfullscreen><\/iframe><\/p>\n","protected":false},"excerpt":{"rendered":"<p>Bio : Irka is born in Wroclaw, in the south of Poland. When she is 6 years old her parents pass on the West and become established in France. Long before his visit, at the age of three years, Irka already sings all counting rhymes which teaches him his father. During years, music will be [&hellip;]<\/p>\n","protected":false},"author":1,"featured_media":2134,"parent":0,"menu_order":0,"comment_status":"closed","ping_status":"closed","template":"","meta":[],"_links":{"self":[{"href":"https:\/\/wtpl.fr\/index.php\/wp-json\/wp\/v2\/pages\/1870"}],"collection":[{"href":"https:\/\/wtpl.fr\/index.php\/wp-json\/wp\/v2\/pages"}],"about":[{"href":"https:\/\/wtpl.fr\/index.php\/wp-json\/wp\/v2\/types\/page"}],"author":[{"embeddable":true,"href":"https:\/\/wtpl.fr\/index.php\/wp-json\/wp\/v2\/users\/1"}],"replies":[{"embeddable":true,"href":"https:\/\/wtpl.fr\/index.php\/wp-json\/wp\/v2\/comments?post=1870"}],"version-history":[{"count":1,"href":"https:\/\/wtpl.fr\/index.php\/wp-json\/wp\/v2\/pages\/1870\/revisions"}],"predecessor-version":[{"id":2224,"href":"https:\/\/wtpl.fr\/index.php\/wp-json\/wp\/v2\/pages\/1870\/revisions\/2224"}],"wp:featuredmedia":[{"embeddable":true,"href":"https:\/\/wtpl.fr\/index.php\/wp-json\/wp\/v2\/media\/2134"}],"wp:attachment":[{"href":"https:\/\/wtpl.fr\/index.php\/wp-json\/wp\/v2\/media?parent=1870"}],"curies":[{"name":"wp","href":"https:\/\/api.w.org\/{rel}","templated":true}]}}